{"id":355,"date":"2016-03-09T18:25:35","date_gmt":"2016-03-09T18:25:35","guid":{"rendered":"http:\/\/csarda.eu\/web\/?page_id=355"},"modified":"2016-03-09T18:46:36","modified_gmt":"2016-03-09T18:46:36","slug":"vendegeink-velemenye","status":"publish","type":"page","link":"http:\/\/csarda.eu\/web\/vendegeink-velemenye\/","title":{"rendered":"Vend\u00e9geink v\u00e9lem\u00e9nye"},"content":{"rendered":"<div id=\"TA_selfserveprop736\" class=\"TA_selfserveprop\">\n<ul id=\"sHa6M7EnWpW\" class=\"TA_links D3XvFow6J\">\n<li id=\"6BlJuMq1\" class=\"xzHFQ7Ax\"><a href=\"https:\/\/www.tripadvisor.co.hu\/\" target=\"_blank\"><img decoding=\"async\" src=\"http:\/\/www.tripadvisor.co.hu\/img\/cdsi\/img2\/branding\/150_logo-11900-2.png\" alt=\"TripAdvisor\" \/><\/a><\/li>\n<\/ul>\n<\/div>\n<p><script src=\"http:\/\/www.jscache.com\/wejs?wtype=selfserveprop&amp;uniq=736&amp;locationId=8371857&amp;lang=hu&amp;rating=true&amp;nreviews=4&amp;writereviewlink=true&amp;popIdx=true&amp;iswide=true&amp;border=false&amp;display_version=2\"><\/script><\/p>\n","protected":false},"excerpt":{"rendered":"","protected":false},"author":1,"featured_media":0,"parent":0,"menu_order":0,"comment_status":"closed","ping_status":"closed","template":"","meta":{"site-sidebar-layout":"default","site-content-layout":"default","ast-global-header-display":"","ast-main-header-display":"","ast-hfb-above-header-display":"","ast-hfb-below-header-display":"","ast-hfb-mobile-header-display":"","site-post-title":"","ast-breadcrumbs-content":"","ast-featured-img":"","footer-sml-layout":"","theme-transparent-header-meta":"","adv-header-id-meta":"","stick-header-meta":"","header-above-stick-meta":"","header-main-stick-meta":"","header-below-stick-meta":"","ngg_post_thumbnail":0},"_links":{"self":[{"href":"http:\/\/csarda.eu\/web\/wp-json\/wp\/v2\/pages\/355"}],"collection":[{"href":"http:\/\/csarda.eu\/web\/wp-json\/wp\/v2\/pages"}],"about":[{"href":"http:\/\/csarda.eu\/web\/wp-json\/wp\/v2\/types\/page"}],"author":[{"embeddable":true,"href":"http:\/\/csarda.eu\/web\/wp-json\/wp\/v2\/users\/1"}],"replies":[{"embeddable":true,"href":"http:\/\/csarda.eu\/web\/wp-json\/wp\/v2\/comments?post=355"}],"version-history":[{"count":3,"href":"http:\/\/csarda.eu\/web\/wp-json\/wp\/v2\/pages\/355\/revisions"}],"predecessor-version":[{"id":360,"href":"http:\/\/csarda.eu\/web\/wp-json\/wp\/v2\/pages\/355\/revisions\/360"}],"wp:attachment":[{"href":"http:\/\/csarda.eu\/web\/wp-json\/wp\/v2\/media?parent=355"}],"curies":[{"name":"wp","href":"https:\/\/api.w.org\/{rel}","templated":true}]}}